{"version":"1.0","provider_name":"Route du patrimoine templier - Templars Route European Federation (TREF)","provider_url":"https:\/\/www.templars-route.eu\/fr\/","title":"Commanderie d'Epailly - Route du patrimoine templier - Templars Route European Federation (TREF)","type":"rich","width":600,"height":338,"html":"<blockquote class=\"wp-embedded-content\" data-secret=\"mNydkfK6iA\"><a href=\"https:\/\/www.templars-route.eu\/fr\/patrimoine-templier\/commanderie-depailly\/\">Commanderie d&rsquo;Epailly<\/a><\/blockquote><iframe sandbox=\"allow-scripts\" security=\"restricted\" src=\"https:\/\/www.templars-route.eu\/fr\/patrimoine-templier\/commanderie-depailly\/embed\/#?secret=mNydkfK6iA\" width=\"600\" height=\"338\" title=\"\u00ab\u00a0Commanderie d&rsquo;Epailly\u00a0\u00bb &#8212; Route du patrimoine templier - Templars Route European Federation (TREF)\" data-secret=\"mNydkfK6iA\" frameborder=\"0\" marginwidth=\"0\" marginheight=\"0\" scrolling=\"no\" class=\"wp-embedded-content\"><\/iframe><script type=\"text\/javascript\">\n\/* <![CDATA[ *\/\n\/*! This file is auto-generated *\/\n!function(d,l){\"use strict\";l.querySelector&&d.addEventListener&&\"undefined\"!=typeof URL&&(d.wp=d.wp||{},d.wp.receiveEmbedMessage||(d.wp.receiveEmbedMessage=function(e){var t=e.data;if((t||t.secret||t.message||t.value)&&!\/[^a-zA-Z0-9]\/.test(t.secret)){for(var s,r,n,a=l.querySelectorAll('iframe[data-secret=\"'+t.secret+'\"]'),o=l.querySelectorAll('blockquote[data-secret=\"'+t.secret+'\"]'),c=new RegExp(\"^https?:$\",\"i\"),i=0;i<o.length;i++)o[i].style.display=\"none\";for(i=0;i<a.length;i++)s=a[i],e.source===s.contentWindow&&(s.removeAttribute(\"style\"),\"height\"===t.message?(1e3<(r=parseInt(t.value,10))?r=1e3:~~r<200&&(r=200),s.height=r):\"link\"===t.message&&(r=new URL(s.getAttribute(\"src\")),n=new URL(t.value),c.test(n.protocol))&&n.host===r.host&&l.activeElement===s&&(d.top.location.href=t.value))}},d.addEventListener(\"message\",d.wp.receiveEmbedMessage,!1),l.addEventListener(\"DOMContentLoaded\",function(){for(var e,t,s=l.querySelectorAll(\"iframe.wp-embedded-content\"),r=0;r<s.length;r++)(t=(e=s[r]).getAttribute(\"data-secret\"))||(t=Math.random().toString(36).substring(2,12),e.src+=\"#?secret=\"+t,e.setAttribute(\"data-secret\",t)),e.contentWindow.postMessage({message:\"ready\",secret:t},\"*\")},!1)))}(window,document);\n\/* ]]> *\/\n<\/script>\n","description":"[vc_row css_animation=\u00a0\u00bb\u00a0\u00bb row_type=\u00a0\u00bbrow\u00a0\u00bb use_row_as_full_screen_section=\u00a0\u00bbno\u00a0\u00bb type=\u00a0\u00bbfull_width\u00a0\u00bb angled_section=\u00a0\u00bbno\u00a0\u00bb text_align=\u00a0\u00bbleft\u00a0\u00bb background_image_as_pattern=\u00a0\u00bbwithout_pattern\u00a0\u00bb][vc_column width=\u00a0\u00bb1\/2&Prime;][vc_column_text]Le premier acte faisant mention de la commanderie, dat\u00e9 de 1200, laisse supposer que les templiers \u00e9taient l\u00e0 depuis un certain temps. En 1214, un texte \u00e9voque la domus milicie Templi que vocatur Espailli. &nbsp; D\u00e8s l\u2019origine,..."}

[vc_row css_animation= » » row_type= »row » use_row_as_full_screen_section= »no » type= »full_width » angled_section= »no » text_align= »left » background_image_as_pattern= »without_pattern »][vc_column width= »1/2&Prime;][vc_column_text]Le premier acte faisant mention de la commanderie, daté de 1200, laisse supposer que les templiers étaient là depuis un certain temps. En 1214, un texte évoque la domus milicie Templi que vocatur Espailli. &nbsp; Dès l’origine,...
